 by a.
8
Let q = -7539 + 7548. Calculate the remainder when 101 is divided by q.
2
Suppose 32*d + 800 = 36*d - h, -h + 607 = 3*d. Calculate the remainder when 206 is divided by d.
5
Let d(u) = -12*u - 142. Let q be (85/20)/(-3*(-6)/(-72)). What is the remainder when 234 is divided by d(q)?
48
Let g(j) = -j**2 - 10*j + 420. Calculate the remainder when 769 is divided by g(15).
4
Let q = -63462 - -63622. Calculate the remainder when q is divided by (7*4)/(1/1).
20
Let d(o) = -o**2 - 15*o - 1. Suppose 0 = -4*q - 0*n - 5*n - 40, q - 2*n + 23 = 0. Let c be d(q). Calculate the remainder when (-1)/(-2)*-106*c is divided by 27.
26
Suppose 4*m - 5*g = 206, 0 = -8*m + 9*m - 3*g - 62. Calculate the remainder when 70 is divided by m.
26
Let t(z) = 55*z - 27. Let d = -69 + 71. What is the remainder when t(d) is divided by 12?
11
Let i(u) = -20*u - 313. What is the remainder when 3308 is divided by i(-16)?
4
Calculate the remainder when 348*(-6)/(-54)*(57/4)/1 is divided by 276.
275
Let q = -298 + 448. Let u(a) = 5*a - 27. What is the remainder when q is divided by u(13)?
36
Suppose 5*l + 21 = -a, 2*l = 4*a - 0*l - 4. Let t(y) = -6*y - 3. Let c be t(a). What is the remainder when 23 is divided by (2 + -1)*(-4 - (-30)/c)?
5
Suppose -12*f + 24 = -48. Suppose 2*b - 3*o + 93 = f*b, 27 = b + 2*o. Let i(s) = -3*s**3 - 4*s**2 - 3*s - 2. What is the remainder when b is divided by i(-2)?
9
Calculate the remainder when ((-6803)/3)/((-3)/(13 - 5 - -1)) is divided by 84.
83
Let y = -4494 + 4503. Calculate the remainder when 191 is divided by y.
2
Suppose -4*y + 3*s + 193 = 0, 4*y + 7*s - 197 = 6*s. Calculate the remainder when 192 is divided by y.
45
Let b(l) = 2*l**2 - 7*l + 19. What is the remainder when b(-8) is divided by (-6 + 0)/((-59)/8 + 7)?
11
Suppose 5*y = -20, -o = -5*y - 41 - 154. Suppose 165*g - 172*g = -o. Calculate the remainder when 40 is divided by g.
15
Let b = 1224 + -342. Calculate the remainder when b is divided by 142.
30
Suppose -27*g + 7925 = -55768. Calculate the remainder when g is divided by 8.
7
Suppose -2*v - 3*v = -55. Let x be (1 - 2) + (-25)/25. What is the remainder when (-11325)/(-275) + ((-12)/(-33))/x is divided by v?
8
Let x(t) = t**2 - 72*t + 1231. Calculate the remainder when x(48) is divided by 32.
15
Suppose -588 = -12*w - 16*w. What is the remainder when 135 is divided by (-51)/6*(-23 + w)?
16
Let s(a) = -8*a - 183. Let c be s(-24). Suppose c*k - 1671 = 678. Calculate the remainder when k is divided by 44.
41
Suppose -4*p - 124 = -4*y, 4*y - 6*y = -5*p - 59. Let a = 451 - 680. Let m = a + 322. Calculate the remainder when m is divided by y.
29
Let f = 141 + -105. Let b(a) = 7*a - 7*a**3 - 2*a**2 - 4*a**2 + 8*a**3. What is the remainder when f is divided by b(5)?
6
Let j = 10016 - 9926. Let b = -32 - -45. Calculate the remainder when j is divided by b.
12
Let f(a) = 3*a - 15. Let w be f(14). Suppose -29*i = -w*i - 10. Let z = 15 - i. Calculate the remainder when 47 is divided by z.
7
Suppose 0 = s + 5*b - 30, -78 = -4*s + b. What is the remainder when ((-122)/4 + 3)*4110/(-3425) is divided by s?
13
Let l be -22 + -8 + 0 + 9. Suppose 2*f - g = 46, 0 = -2*f + g + g + 48. What is the remainder when f is divided by (-133)/l - ((-76)/(-12) + -5)?
2
Let x = -2568 + 2715. What is the remainder when x is divided by 6?
3
What is the remainder when 151 is divided by 15 - 7/((-49)/875)?
11
Let l(y) = 8*y - 8*y**2 - 6*y + 2*y**2 + y**3 + 26 - y. What is the remainder when 20 is divided by l(5)?
2
Let a(n) = 13 - 12 + 13 + 8 + 4*n. Let d be a(-5). Suppose d*j - 4*r - 6 = 122, j - r - 64 = 0. Calculate the remainder when j is divided by 33.
31
Let z = 42 - 30. Let y = -150 - -339. What is the remainder when y is divided by z?
9
Suppose 2*z = 3*g - 0*g + 14, -19 = 4*g - 3*z. Let b be -102*4/7 + g/(-14). Let i = b - -106. What is the remainder when i is divided by 13?
9
Let a be (-9)/(-54) + (-2211)/(-18). Suppose 2*y = 3*s + a, -5*s = 5*y - 4*s - 282. What is the remainder when y is divided by 15?
12
What is the remainder when 167 is divided by 5/10*8 - -13?
14
Let a(q) = -q**3 + 8*q**2 + 2*q + 6. Let i = 36678 + -36668. What is the remainder when a(7) is divided by i?
9
Let n = 140 + -141. What is the remainder when 33 is divided by 2/(1 - n)*9?
6
Suppose 3*x + 3*h = 1902, 13*x = 10*x + h + 1898. Let g = x + -625. What is the remainder when 381 is divided by g?
5
Suppose 48*h = 4*t + 45*h - 304, 0 = 5*t - h - 369. What is the remainder when 937 is divided by t?
61
Suppose 0 = -4*n + 24, 14*d - 17*d + 1152 = -5*n. Calculate the remainder when d is divided by 142.
110
Let p = 922 + -918. Calculate the remainder when ((-45)/18)/(-5) - (-542)/p is divided by 24.
16
Suppose 4*p - 3*s = 74, 0 = -2*p - 2*s + s + 42. Let y = 52 - p. What is the remainder when 50 is divided by y?
18
Suppose -1280 = 12*p - 31*p + 11*p. What is the remainder when p is divided by 7?
6
Suppose 34*q = 19*q + 615. Let p = -12 + q. What is the remainder when 41 is divided by p?
12
Let h = -632 - -657. Suppose -5 = -r - 0. Suppose 6*x - x + r*s = h, -3*x - 4*s = -10. Calculate the remainder when 26 is divided by x.
6
Suppose 250*n - 184*n - 89294 = 157282. What is the remainder when n is divided by 44?
40
Let m = 4180 - 2694. Calculate the remainder when m is divided by 251.
231
Let z = 113 + -301. Let t = z - -472. What is the remainder when t is divided by 41?
38
Suppose o - 3*o + 2*m + 28 = 0, 6 = -3*m. Suppose -4*c = -4*k + 23 + 25, -2*k = c - o. Calculate the remainder when 39 is divided by k.
7
Let u(w) = 5*w**2 + 79*w - 2446. Calculate the remainder when u(22) is divided by 191.
184
Suppose 11*h = 13*h + 2. Let o be (184/(-4))/(h/2). Let l = o - 49. Calculate the remainder when 257 is divided by l.
42
Let g = 23981 + -23636. Calculate the remainder when g is divided by 51.
39
Let j = 11 + -16. Suppose 166*k = 140*k - 26. Calculate the remainder when k + j + 7 + (-1 - -113) is divided by 39.
35
Calculate the remainder when 722 is divided by (-603)/(-24) + (-9)/72.
22
Suppose -220 = -3*o + 4*t, 4*o = 2*o + t + 145. Suppose 10*i - 95 = 135. What is the remainder when o is divided by i?
3
Let a(o) = o + 32. Let f be a(-18). Let m be 84*3/(-3)*(-96)/f. Calculate the remainder when 45 is divided by (m/(-90))/(4/(-10)).
13
Let x = -4 - 10. Suppose 8*i = 56 + 24. Calculate the remainder when -133*2/x*2 is divided by i.
8
Suppose -15*x = -3112 - 1733. Calculate the remainder when x is divided by 18.
17
Let u(r) = -7*r**3 + r**2 + 80*r + 1770. Calculate the remainder when u(0) is divided by 588.
6
Suppose 52 = -4*k - 9*w + 13*w, 4*k = -3*w - 24. Let z(r) = -r**2 - 10*r. Calculate the remainder when 33 is divided by z(k).
6
Let p = -1411 + 2010. Let v = 82 + p. Calculate the remainder when v is divided by 18.
15
Suppose 73 = m + 19*x - 17*x, 3*m - x - 226 = 0. What is the remainder when 669 is divided by m?
69
Suppose -15 = 229*m - 234*m, -3*d + 102 = -m. Calculate the remainder when 488 is divided by d.
33
Suppose -10*c + 19*c = 90. Suppose 5*l - 146 - 21 = v, -161 = -5*l - 2*v. What is the remainder when l is divided by c?
3
Let a be (5 - (-3)/3)*472/12. Let x = -54 + a. What is the remainder when x is divided by 46?
44
Let f(h) = -h**2 + 5*h - 3. Let n be f(4). Let v be ((1/2)/((-4)/(-16)))/n. Calculate the remainder when 143 is divided by (-4)/(-2) + -2 + 72/v.
35
Let u(v) = 1. Let c(l) = -6*l - 42. Let q(p) = c(p) + 18*u(p). Let t = 95 + -114. What is the remainder when q(t) is divided by 23?
21
Let p = 3725 + -3654. What is the remainder when 150 is divided by p?
8
Let r(y) = -16*y - 126. Let c be r(-9). Suppose 17*t - c*t = -108. What is the remainder when t is divided by 10?
8
Suppose -15417 + 15156 = -9*r. Let z(l) = l**3 + 7*l**2 + 2*l + 8. Let g be z(-7). Calculate the remainder when r is divided by (-8)/5*15/g.
1
Let t be (-1 - 51/(-3)) + 16 + -10. Suppose 2*k = -2*n + t, n - 5*k + 17 = 4. Suppose 0 = -8*p + 3*p + 240. What is the remainder when p is divided by n?
6
Let j = 35 - 69. Suppose -10*c + 106 = 646. Calculate the remainder when c/(-4) - (-51)/j is divided by 9.
3
Calculate the remainder when (3 - (-1 + 1)) + 108 is divided by ((-18)/15)/((-7)/280*6).
7
Let o(n) = 8*n**2 + 77*n + 51. What is the remainder when o(-12) is divided by 64?
23
Let a(n) = -5*n*